{"id":2,"date":"2021-05-24T10:39:30","date_gmt":"2021-05-24T08:39:30","guid":{"rendered":"https:\/\/blogg.nykoping.se\/ronnliden\/?page_id=2"},"modified":"2023-12-23T11:02:49","modified_gmt":"2023-12-23T10:02:49","slug":"om-bloggen","status":"publish","type":"page","link":"https:\/\/blogg.nykoping.se\/ronnliden\/om-bloggen\/","title":{"rendered":"Om bloggen"},"content":{"rendered":"\n<p><\/p>\n\n\n\n<blockquote class=\"wp-block-quote is-layout-flow wp-block-quote-is-layout-flow\">\n<p>Hej och v\u00e4lkommen till R\u00f6nnlidens blogg.<\/p>\n\n\n\n<p>Men denna blogg vill  vi visa v\u00e5ra boendes anh\u00f6riga vad som h\u00e4nder p\u00e5 R\u00f6nnliden. <\/p>\n\n\n\n<p>R\u00f6nnliden \u00e4r ett boende med 17 l\u00e4genheter, f\u00f6rdelat p\u00e5 tv\u00e5 avdelningar. R\u00f6nnliden ligger i Aspa ca 3 mil utanf\u00f6r Nyk\u00f6ping.<\/p>\n<\/blockquote>\n\n\n\n<p>&#8230; Med h\u00e4lsningar personalen och boende p\u00e5 R\u00f6nnliden.<\/p>\n\n\n\n<p><\/p>\n","protected":false},"excerpt":{"rendered":"<p>Hej och v\u00e4lkommen till R\u00f6nnlidens blogg. Men denna blogg vill vi visa v\u00e5ra boendes anh\u00f6riga vad som h\u00e4nder p\u00e5 R\u00f6nnliden. R\u00f6nnliden \u00e4r ett boende med 17 l\u00e4genheter, f\u00f6rdelat p\u00e5 tv\u00e5 avdelningar. R\u00f6nnliden ligger i Aspa ca 3 mil utanf\u00f6r Nyk\u00f6ping. &#8230; Med h\u00e4lsningar personalen och boende p\u00e5 R\u00f6nnliden.<\/p>\n","protected":false},"author":7,"featured_media":0,"parent":0,"menu_order":0,"comment_status":"closed","ping_status":"open","template":"","meta":{"footnotes":""},"class_list":["post-2","page","type-page","status-publish","hentry"],"_links":{"self":[{"href":"https:\/\/blogg.nykoping.se\/ronnliden\/wp-json\/wp\/v2\/pages\/2","targetHints":{"allow":["GET"]}}],"collection":[{"href":"https:\/\/blogg.nykoping.se\/ronnliden\/wp-json\/wp\/v2\/pages"}],"about":[{"href":"https:\/\/blogg.nykoping.se\/ronnliden\/wp-json\/wp\/v2\/types\/page"}],"author":[{"embeddable":true,"href":"https:\/\/blogg.nykoping.se\/ronnliden\/wp-json\/wp\/v2\/users\/7"}],"replies":[{"embeddable":true,"href":"https:\/\/blogg.nykoping.se\/ronnliden\/wp-json\/wp\/v2\/comments?post=2"}],"version-history":[{"count":5,"href":"https:\/\/blogg.nykoping.se\/ronnliden\/wp-json\/wp\/v2\/pages\/2\/revisions"}],"predecessor-version":[{"id":1390,"href":"https:\/\/blogg.nykoping.se\/ronnliden\/wp-json\/wp\/v2\/pages\/2\/revisions\/1390"}],"wp:attachment":[{"href":"https:\/\/blogg.nykoping.se\/ronnliden\/wp-json\/wp\/v2\/media?parent=2"}],"curies":[{"name":"wp","href":"https:\/\/api.w.org\/{rel}","templated":true}]}}