{"id":2,"date":"2013-11-06T09:36:00","date_gmt":"2013-11-06T09:36:00","guid":{"rendered":"http:\/\/blogg.nykoping.se\/musikskolan\/?page_id=2"},"modified":"2017-11-30T12:40:41","modified_gmt":"2017-11-30T11:40:41","slug":"om","status":"publish","type":"page","link":"https:\/\/blogg.nykoping.se\/kulturskolan\/om\/","title":{"rendered":"Om bloggen"},"content":{"rendered":"<h4>V\u00e4lkommen till Kulturskolan i Nyk\u00f6pings Blogg!<\/h4>\n<p>H\u00e4r ber\u00e4ttar vi om v\u00e5r verksamhet, konserter och mycket mer.<\/p>\n<p>Vill du b\u00f6rja p\u00e5 Kulturskolan?<br \/>\n<a href=\"https:\/\/nykoping.se\/Barn--Utbildning\/Kulturskolan\/Om-kulturskolan\/Anmalan-till-Kulturskolan\/\" target=\"_blank\" rel=\"noopener\">Fyll anm\u00e4lningsformul\u00e4ret h\u00e4r!<\/a><\/p>\n<p>Du kan l\u00e4sa mer om avgifter och instrumentval p\u00e5 v\u00e5r hemsida.<br \/>\n<a title=\"Musikskolan\" href=\"http:\/\/www.nykoping.se\/kulturskolan\" target=\"_blank\" rel=\"noopener\">www.nykoping.se\/kulturskolan<\/a><\/p>\n<p>&nbsp;<\/p>\n","protected":false},"excerpt":{"rendered":"<p>V\u00e4lkommen till Kulturskolan i Nyk\u00f6pings Blogg! H\u00e4r ber\u00e4ttar vi om v\u00e5r verksamhet, konserter och mycket mer. Vill du b\u00f6rja p\u00e5 Kulturskolan? Fyll anm\u00e4lningsformul\u00e4ret h\u00e4r! Du kan l\u00e4sa mer om avgifter och instrumentval p\u00e5 v\u00e5r hemsida. www.nykoping.se\/kulturskolan &nbsp;<\/p>\n","protected":false},"author":3,"featured_media":0,"parent":0,"menu_order":0,"comment_status":"closed","ping_status":"open","template":"","meta":{"footnotes":""},"class_list":["post-2","page","type-page","status-publish","hentry"],"_links":{"self":[{"href":"https:\/\/blogg.nykoping.se\/kulturskolan\/wp-json\/wp\/v2\/pages\/2","targetHints":{"allow":["GET"]}}],"collection":[{"href":"https:\/\/blogg.nykoping.se\/kulturskolan\/wp-json\/wp\/v2\/pages"}],"about":[{"href":"https:\/\/blogg.nykoping.se\/kulturskolan\/wp-json\/wp\/v2\/types\/page"}],"author":[{"embeddable":true,"href":"https:\/\/blogg.nykoping.se\/kulturskolan\/wp-json\/wp\/v2\/users\/3"}],"replies":[{"embeddable":true,"href":"https:\/\/blogg.nykoping.se\/kulturskolan\/wp-json\/wp\/v2\/comments?post=2"}],"version-history":[{"count":21,"href":"https:\/\/blogg.nykoping.se\/kulturskolan\/wp-json\/wp\/v2\/pages\/2\/revisions"}],"predecessor-version":[{"id":1409,"href":"https:\/\/blogg.nykoping.se\/kulturskolan\/wp-json\/wp\/v2\/pages\/2\/revisions\/1409"}],"wp:attachment":[{"href":"https:\/\/blogg.nykoping.se\/kulturskolan\/wp-json\/wp\/v2\/media?parent=2"}],"curies":[{"name":"wp","href":"https:\/\/api.w.org\/{rel}","templated":true}]}}