{"id":2,"date":"2020-10-28T12:01:45","date_gmt":"2020-10-28T11:01:45","guid":{"rendered":"https:\/\/blogg.nykoping.se\/koggen\/?page_id=2"},"modified":"2020-11-18T15:55:33","modified_gmt":"2020-11-18T14:55:33","slug":"om-bloggen","status":"publish","type":"page","link":"https:\/\/blogg.nykoping.se\/koggen\/om-bloggen\/","title":{"rendered":"Om bloggen"},"content":{"rendered":"\n<p><em>&#8221; Att bli gammal \u00e4r f\u00f6rbannat, man kan inte s\u00e4ga annat.<\/em><\/p>\n\n\n\n<p><em>Kort \u00e4r minnet, trist \u00e4r sinnet.<\/em><\/p>\n\n\n\n<p><em>Munnen full med k\u00f6pta t\u00e4nder, bruna fl\u00e4ckar upp\u00e5 h\u00e4nder.<\/em><\/p>\n\n\n\n<p><em>Och det \u00e4r fel p\u00e5 hj\u00e4rnkontoret, fast man sj\u00e4lv inte tror det.<\/em><\/p>\n\n\n\n<p><em>Rakt och stripigt h\u00e4nger h\u00e5ret, stora gropar uti l\u00e5ret.<\/em><\/p>\n\n\n\n<p><em>Ja, man kan inte s\u00e4ga annat, allting \u00e4r rent f\u00f6rbannat.<\/em><\/p>\n\n\n\n<p><em>MEN om man l\u00e4r sig att bem\u00e4stra \u00e5lderns bekymmer och strul, s\u00e5 kan man fortfarande ha f\u00f6rbaskat kul!<\/em>&#8221;<\/p>\n\n\n\n<p>Det h\u00e4r \u00e4r en dikt, som en av v\u00e5ra hyresg\u00e4ster ofta l\u00e4ser. Men slutet har hen hittat p\u00e5 sj\u00e4lv. Och den st\u00e4mmer ju till viss del, eller hur?<\/p>\n\n\n\n<p>Koggen \u00e4r Nyk\u00f6pings kommuns nyaste \u00e4ldre- och demensboende med plats f\u00f6r 72 hyresg\u00e4ster. <\/p>\n\n\n\n<p>Vi f\u00f6rs\u00f6ker ta tillvara p\u00e5 dagen, och s\u00e4tta guldkant p\u00e5 tillvaron. Ett skratt \u00e4r aldrig l\u00e5ngt borta hos oss! <\/p>\n\n\n\n<p>V\u00e4lkommen att f\u00f6lja oss! <\/p>\n","protected":false},"excerpt":{"rendered":"<p>&#8221; Att bli gammal \u00e4r f\u00f6rbannat, man kan inte s\u00e4ga annat. Kort \u00e4r minnet, trist \u00e4r sinnet. Munnen full med k\u00f6pta t\u00e4nder, bruna fl\u00e4ckar upp\u00e5 h\u00e4nder. Och det \u00e4r fel p\u00e5 hj\u00e4rnkontoret, fast man sj\u00e4lv inte tror det. Rakt och stripigt h\u00e4nger h\u00e5ret, stora gropar uti l\u00e5ret. Ja, man kan inte s\u00e4ga annat, allting \u00e4r &hellip; <a href=\"https:\/\/blogg.nykoping.se\/koggen\/om-bloggen\/\" class=\"more-link\">Forts\u00e4tt l\u00e4sa <span class=\"screen-reader-text\">Om bloggen<\/span><\/a><\/p>\n","protected":false},"author":7,"featured_media":28,"parent":0,"menu_order":0,"comment_status":"closed","ping_status":"open","template":"","meta":{"footnotes":""},"class_list":["post-2","page","type-page","status-publish","has-post-thumbnail","hentry"],"_links":{"self":[{"href":"https:\/\/blogg.nykoping.se\/koggen\/wp-json\/wp\/v2\/pages\/2","targetHints":{"allow":["GET"]}}],"collection":[{"href":"https:\/\/blogg.nykoping.se\/koggen\/wp-json\/wp\/v2\/pages"}],"about":[{"href":"https:\/\/blogg.nykoping.se\/koggen\/wp-json\/wp\/v2\/types\/page"}],"author":[{"embeddable":true,"href":"https:\/\/blogg.nykoping.se\/koggen\/wp-json\/wp\/v2\/users\/7"}],"replies":[{"embeddable":true,"href":"https:\/\/blogg.nykoping.se\/koggen\/wp-json\/wp\/v2\/comments?post=2"}],"version-history":[{"count":3,"href":"https:\/\/blogg.nykoping.se\/koggen\/wp-json\/wp\/v2\/pages\/2\/revisions"}],"predecessor-version":[{"id":30,"href":"https:\/\/blogg.nykoping.se\/koggen\/wp-json\/wp\/v2\/pages\/2\/revisions\/30"}],"wp:featuredmedia":[{"embeddable":true,"href":"https:\/\/blogg.nykoping.se\/koggen\/wp-json\/wp\/v2\/media\/28"}],"wp:attachment":[{"href":"https:\/\/blogg.nykoping.se\/koggen\/wp-json\/wp\/v2\/media?parent=2"}],"curies":[{"name":"wp","href":"https:\/\/api.w.org\/{rel}","templated":true}]}}